Last updated on 2024-05-01 16:52:56 CEST.
Flavor | Version | Tinstall | Tcheck | Ttotal | Status | Flags |
---|---|---|---|---|---|---|
r-devel-linux-x86_64-debian-clang | 1.4.0.1 | 1093.90 | 112.69 | 1206.59 | OK | |
r-devel-linux-x86_64-debian-gcc | 1.4.0.1 | 894.99 | 134.40 | 1029.39 | OK | |
r-devel-linux-x86_64-fedora-clang | 1.4.0.1 | 1889.84 | NOTE | |||
r-devel-linux-x86_64-fedora-gcc | 1.4.0.1 | 1874.21 | OK | |||
r-devel-windows-x86_64 | 1.4.0.1 | 759.00 | 226.00 | 985.00 | NOTE | |
r-patched-linux-x86_64 | 1.4.0.1 | 1099.78 | 150.10 | 1249.88 | OK | |
r-release-linux-x86_64 | 1.4.0.1 | 1100.58 | 155.94 | 1256.52 | OK | |
r-release-macos-arm64 | 1.4.0.1 | 432.00 | NOTE | |||
r-release-macos-x86_64 | 1.4.0.1 | 777.00 | NOTE | |||
r-release-windows-x86_64 | 1.4.0.1 | 764.00 | 223.00 | 987.00 | NOTE | |
r-oldrel-macos-arm64 | 1.4.0.1 | 418.00 | NOTE | |||
r-oldrel-macos-x86_64 | 1.4.0.1 | 698.00 | NOTE | |||
r-oldrel-windows-x86_64 | 1.4.0.1 | 689.00 | 269.00 | 958.00 | NOTE |
Version: 1.4.0.1
Check: installed package size
Result: NOTE
installed size is 12.8Mb
sub-directories of 1Mb or more:
libs 11.9Mb
Flavors: r-devel-linux-x86_64-fedora-clang, r-devel-windows-x86_64, r-release-macos-arm64, r-release-macos-x86_64, r-release-windows-x86_64, r-oldrel-macos-arm64, r-oldrel-macos-x86_64, r-oldrel-windows-x86_64