Last updated on 2025-01-19 05:49:09 CET.
Flavor | Version | Tinstall | Tcheck | Ttotal | Status | Flags |
---|---|---|---|---|---|---|
r-devel-linux-x86_64-debian-clang | 0.1.0 | 63.75 | 414.60 | 478.35 | OK | |
r-devel-linux-x86_64-debian-gcc | 0.1.0 | 43.49 | 288.20 | 331.69 | OK | |
r-devel-linux-x86_64-fedora-clang | 0.1.0 | 801.30 | NOTE | |||
r-devel-linux-x86_64-fedora-gcc | 0.1.0 | 802.55 | NOTE | |||
r-devel-windows-x86_64 | 0.1.0 | 67.00 | 343.00 | 410.00 | OK | |
r-patched-linux-x86_64 | 0.1.0 | 61.46 | 379.10 | 440.56 | OK | |
r-release-linux-x86_64 | 0.1.0 | 58.97 | 374.79 | 433.76 | OK | |
r-release-macos-arm64 | 0.1.0 | 245.00 | OK | |||
r-release-macos-x86_64 | 0.1.0 | 349.00 | OK | |||
r-release-windows-x86_64 | 0.1.0 | 69.00 | 336.00 | 405.00 | OK | |
r-oldrel-macos-arm64 | 0.1.0 | 12.00 | ERROR | |||
r-oldrel-macos-x86_64 | 0.1.0 | 384.00 | OK | |||
r-oldrel-windows-x86_64 | 0.1.0 | 88.00 | 463.00 | 551.00 | OK |
Version: 0.1.0
Check: dependencies in R code
Result: NOTE
Namespaces in Imports field not imported from:
‘BiocManager’ ‘snpStats’
All declared Imports should be used.
Flavors: r-devel-linux-x86_64-fedora-clang, r-devel-linux-x86_64-fedora-gcc
Version: 0.1.0
Check: package dependencies
Result: ERROR
Package required but not available: ‘snpStats’
See section ‘The DESCRIPTION file’ in the ‘Writing R Extensions’
manual.
Flavor: r-oldrel-macos-arm64