CRAN Package Check Results for Package grImport2

Last updated on 2020-07-10 12:48:28 CEST.

Flavor Version Tinstall Tcheck Ttotal Status Flags
r-devel-linux-x86_64-debian-clang 0.2-0 5.99 55.28 61.27 OK
r-devel-linux-x86_64-debian-gcc 0.2-0 5.25 42.70 47.95 OK
r-devel-linux-x86_64-fedora-clang 0.2-0 79.96 OK
r-devel-linux-x86_64-fedora-gcc 0.2-0 70.30 OK
r-devel-windows-ix86+x86_64 0.2-0 10.00 68.00 78.00 OK
r-patched-linux-x86_64 0.2-0 5.57 54.25 59.82 OK
r-patched-solaris-x86 0.2-0 105.10 NOTE
r-release-linux-x86_64 0.2-0 5.47 54.41 59.88 OK
r-release-osx-x86_64 0.2-0 OK
r-release-windows-ix86+x86_64 0.2-0 12.00 93.00 105.00 OK
r-oldrel-osx-x86_64 0.2-0 OK
r-oldrel-windows-ix86+x86_64 0.2-0 14.00 67.00 81.00 OK

Check Details

Version: 0.2-0
Check: package dependencies
Result: NOTE
    Package suggested but not available for checking: ‘rsvg’
Flavor: r-patched-solaris-x86