Last updated on 2024-04-21 13:55:31 CEST.
Flavor | Version | Tinstall | Tcheck | Ttotal | Status | Flags |
---|---|---|---|---|---|---|
r-devel-linux-x86_64-debian-clang | 0.1.0.0 | 4.10 | 37.38 | 41.48 | NOTE | |
r-devel-linux-x86_64-debian-gcc | 0.1.0.0 | 3.03 | 28.49 | 31.52 | NOTE | |
r-devel-linux-x86_64-fedora-clang | 0.1.0.0 | 52.06 | NOTE | |||
r-devel-linux-x86_64-fedora-gcc | 0.1.0.0 | 49.64 | NOTE | |||
r-prerel-macos-arm64 | 0.1.0.0 | 20.00 | NOTE | |||
r-prerel-windows-x86_64 | 0.1.0.0 | 6.00 | 49.00 | 55.00 | NOTE | |
r-patched-linux-x86_64 | 0.1.0.0 | 7.44 | 35.20 | 42.64 | NOTE | |
r-release-linux-x86_64 | 0.1.0.0 | 4.16 | 36.34 | 40.50 | NOTE | |
r-release-macos-arm64 | 0.1.0.0 | 23.00 | NOTE | |||
r-release-macos-x86_64 | 0.1.0.0 | 29.00 | NOTE | |||
r-release-windows-x86_64 | 0.1.0.0 | 6.00 | 52.00 | 58.00 | NOTE | |
r-oldrel-macos-arm64 | 0.1.0.0 | 19.00 | NOTE | |||
r-oldrel-windows-x86_64 | 0.1.0.0 | 7.00 | 60.00 | 67.00 | NOTE |
Version: 0.1.0.0
Check: LazyData
Result: NOTE
'LazyData' is specified without a 'data' directory
Flavors: r-devel-linux-x86_64-debian-clang, r-devel-linux-x86_64-debian-gcc, r-devel-linux-x86_64-fedora-clang, r-devel-linux-x86_64-fedora-gcc, r-prerel-macos-arm64, r-prerel-windows-x86_64, r-patched-linux-x86_64, r-release-linux-x86_64, r-release-macos-arm64, r-release-macos-x86_64, r-release-windows-x86_64, r-oldrel-macos-arm64, r-oldrel-windows-x86_64