CRAN Package Check Results for Package graphframes

Last updated on 2025-01-19 05:49:09 CET.

Flavor Version Tinstall Tcheck Ttotal Status Flags
r-devel-linux-x86_64-debian-clang 0.1.2 6.55 52.99 59.54 OK
r-devel-linux-x86_64-debian-gcc 0.1.2 4.81 37.65 42.46 OK
r-devel-linux-x86_64-fedora-clang 0.1.2 97.41 OK
r-devel-linux-x86_64-fedora-gcc 0.1.2 91.77 OK
r-devel-windows-x86_64 0.1.2 8.00 71.00 79.00 OK
r-patched-linux-x86_64 0.1.2 5.98 49.19 55.17 NOTE
r-release-linux-x86_64 0.1.2 6.29 49.23 55.52 NOTE
r-release-macos-arm64 0.1.2 31.00 NOTE
r-release-macos-x86_64 0.1.2 45.00 NOTE
r-release-windows-x86_64 0.1.2 8.00 70.00 78.00 NOTE
r-oldrel-macos-arm64 0.1.2 31.00 NOTE
r-oldrel-macos-x86_64 0.1.2 47.00 NOTE
r-oldrel-windows-x86_64 0.1.2 10.00 84.00 94.00 NOTE

Check Details

Version: 0.1.2
Check: LazyData
Result: NOTE 'LazyData' is specified without a 'data' directory Flavors: r-patched-linux-x86_64, r-release-linux-x86_64, r-release-macos-arm64, r-release-macos-x86_64, r-release-windows-x86_64, r-oldrel-macos-arm64, r-oldrel-macos-x86_64, r-oldrel-windows-x86_64