Last updated on 2025-01-19 05:49:09 CET.
Flavor | Version | Tinstall | Tcheck | Ttotal | Status | Flags |
---|---|---|---|---|---|---|
r-devel-linux-x86_64-debian-clang | 1.6.1 | 41.58 | 139.62 | 181.20 | NOTE | |
r-devel-linux-x86_64-debian-gcc | 1.6.1 | 33.93 | 93.20 | 127.13 | NOTE | |
r-devel-linux-x86_64-fedora-clang | 1.6.1 | 294.57 | NOTE | |||
r-devel-linux-x86_64-fedora-gcc | 1.6.1 | 307.65 | NOTE | |||
r-devel-windows-x86_64 | 1.6.1 | 41.00 | 213.00 | 254.00 | NOTE | |
r-patched-linux-x86_64 | 1.6.1 | 49.72 | 130.30 | 180.02 | NOTE | |
r-release-linux-x86_64 | 1.6.1 | 47.79 | 132.20 | 179.99 | NOTE | |
r-release-macos-arm64 | 1.6.1 | 46.00 | NOTE | |||
r-release-macos-x86_64 | 1.6.1 | 65.00 | NOTE | |||
r-release-windows-x86_64 | 1.6.1 | 43.00 | 216.00 | 259.00 | NOTE | |
r-oldrel-macos-arm64 | 1.6.1 | 51.00 | NOTE | |||
r-oldrel-macos-x86_64 | 1.6.1 | 75.00 | NOTE | |||
r-oldrel-windows-x86_64 | 1.6.1 | 53.00 | 266.00 | 319.00 | NOTE |
Version: 1.6.1
Check: C++ specification
Result: NOTE
Specified C++11: please drop specification unless essential
Flavors: r-devel-linux-x86_64-debian-clang, r-devel-linux-x86_64-debian-gcc, r-devel-linux-x86_64-fedora-clang, r-devel-linux-x86_64-fedora-gcc, r-devel-windows-x86_64, r-patched-linux-x86_64, r-release-linux-x86_64, r-release-macos-arm64, r-release-macos-x86_64, r-release-windows-x86_64, r-oldrel-macos-arm64, r-oldrel-macos-x86_64, r-oldrel-windows-x86_64
Version: 1.6.1
Check: installed package size
Result: NOTE
installed size is 15.9Mb
sub-directories of 1Mb or more:
libs 15.8Mb
Flavors: r-release-macos-arm64, r-release-macos-x86_64, r-oldrel-macos-arm64, r-oldrel-macos-x86_64