CRAN Package Check Results for Package graphlayouts

Last updated on 2025-01-19 05:49:09 CET.

Flavor Version Tinstall Tcheck Ttotal Status Flags
r-devel-linux-x86_64-debian-clang 1.2.1 52.69 43.13 95.82 OK
r-devel-linux-x86_64-debian-gcc 1.2.1 41.06 31.80 72.86 OK
r-devel-linux-x86_64-fedora-clang 1.2.1 181.39 OK
r-devel-linux-x86_64-fedora-gcc 1.2.1 191.89 OK
r-devel-windows-x86_64 1.2.1 58.00 85.00 143.00 OK
r-patched-linux-x86_64 1.2.1 55.95 40.47 96.42 OK
r-release-linux-x86_64 1.2.1 60.68 41.12 101.80 OK
r-release-macos-arm64 1.2.1 49.00 NOTE
r-release-macos-x86_64 1.2.1 83.00 NOTE
r-release-windows-x86_64 1.2.1 62.00 84.00 146.00 OK
r-oldrel-macos-arm64 1.2.1 48.00 NOTE
r-oldrel-macos-x86_64 1.2.1 86.00 NOTE
r-oldrel-windows-x86_64 1.2.1 70.00 100.00 170.00 OK

Additional issues

noSuggests

Check Details

Version: 1.2.1
Check: installed package size
Result: NOTE installed size is 6.2Mb sub-directories of 1Mb or more: help 2.0Mb libs 3.9Mb Flavors: r-release-macos-arm64, r-release-macos-x86_64, r-oldrel-macos-arm64, r-oldrel-macos-x86_64