Last updated on 2024-03-28 14:48:30 CET.
Flavor | Version | Tinstall | Tcheck | Ttotal | Status | Flags |
---|---|---|---|---|---|---|
r-devel-linux-x86_64-debian-clang | 1.5.1 | 48.84 | 29.36 | 78.20 | NOTE | |
r-devel-linux-x86_64-debian-gcc | 1.5.1 | 39.11 | 22.94 | 62.05 | NOTE | |
r-devel-linux-x86_64-fedora-clang | 1.5.1 | 114.29 | NOTE | |||
r-devel-linux-x86_64-fedora-gcc | 1.5.1 | 109.94 | NOTE | |||
r-devel-windows-x86_64 | 1.5.1 | 38.00 | 67.00 | 105.00 | NOTE | |
r-patched-linux-x86_64 | 1.5.1 | 48.88 | 27.98 | 76.86 | NOTE | |
r-release-linux-x86_64 | 1.5.1 | 49.09 | 28.07 | 77.16 | NOTE | |
r-release-macos-arm64 | 1.5.1 | 30.00 | NOTE | |||
r-release-macos-x86_64 | 1.5.1 | 49.00 | NOTE | |||
r-release-windows-x86_64 | 1.5.1 | 37.00 | 72.00 | 109.00 | NOTE | |
r-oldrel-macos-arm64 | 1.5.1 | 30.00 | OK | |||
r-oldrel-windows-x86_64 | 1.5.1 | 51.00 | 111.00 | 162.00 | OK |
Version: 1.5.1
Check: C++ specification
Result: NOTE
Specified C++11: please drop specification unless essential
Flavors: r-devel-linux-x86_64-debian-clang, r-devel-linux-x86_64-debian-gcc, r-devel-linux-x86_64-fedora-clang, r-devel-linux-x86_64-fedora-gcc, r-devel-windows-x86_64, r-patched-linux-x86_64, r-release-linux-x86_64, r-release-macos-arm64, r-release-macos-x86_64, r-release-windows-x86_64