CRAN Package Check Results for Package greed

Last updated on 2025-01-19 05:49:09 CET.

Flavor Version Tinstall Tcheck Ttotal Status Flags
r-devel-linux-x86_64-debian-clang 0.6.1 243.54 281.02 524.56 NOTE
r-devel-linux-x86_64-debian-gcc 0.6.1 187.33 176.02 363.35 NOTE
r-devel-linux-x86_64-fedora-clang 0.6.1 935.34 NOTE
r-devel-linux-x86_64-fedora-gcc 0.6.1 986.55 NOTE
r-devel-windows-x86_64 0.6.1 258.00 318.00 576.00 NOTE
r-patched-linux-x86_64 0.6.1 266.48 236.86 503.34 NOTE
r-release-linux-x86_64 0.6.1 276.22 239.28 515.50 NOTE
r-release-macos-arm64 0.6.1 196.00 NOTE
r-release-macos-x86_64 0.6.1 238.00 NOTE
r-release-windows-x86_64 0.6.1 258.00 319.00 577.00 NOTE
r-oldrel-macos-arm64 0.6.1 258.00 NOTE
r-oldrel-macos-x86_64 0.6.1 425.00 NOTE
r-oldrel-windows-x86_64 0.6.1 308.00 367.00 675.00 NOTE

Check Details

Version: 0.6.1
Check: C++ specification
Result: NOTE Specified C++11: please drop specification unless essential Flavors: r-devel-linux-x86_64-debian-clang, r-devel-linux-x86_64-debian-gcc, r-devel-linux-x86_64-fedora-clang, r-devel-linux-x86_64-fedora-gcc, r-devel-windows-x86_64, r-patched-linux-x86_64, r-release-linux-x86_64, r-release-macos-arm64, r-release-macos-x86_64, r-release-windows-x86_64, r-oldrel-macos-arm64, r-oldrel-macos-x86_64, r-oldrel-windows-x86_64

Version: 0.6.1
Check: Rd cross-references
Result: NOTE Found the following Rd file(s) with Rd \link{} targets missing package anchors: gmmpairs.Rd: ggplot2 plot-DcLbmFit-missing-method.Rd: ggplot2 plot-DcLbmPath-missing-method.Rd: ggplot2 plot-DcSbmFit-missing-method.Rd: ggplot2 plot-DiagGmmFit-missing-method.Rd: ggplot2 plot-GmmFit-missing-method.Rd: ggplot2 plot-IclPath-missing-method.Rd: ggplot2 plot-LcaFit-missing-method.Rd: ggplot2 plot-MoMFit-missing-method.Rd: ggplot2 plot-MultSbmFit-missing-method.Rd: ggplot2 plot-SbmFit-missing-method.Rd: ggplot2 Please provide package anchors for all Rd \link{} targets not in the package itself and the base packages. Flavors: r-devel-linux-x86_64-debian-clang, r-devel-linux-x86_64-debian-gcc, r-devel-windows-x86_64

Version: 0.6.1
Check: installed package size
Result: NOTE installed size is 18.5Mb sub-directories of 1Mb or more: libs 16.1Mb Flavors: r-release-macos-arm64, r-release-macos-x86_64, r-oldrel-macos-arm64, r-oldrel-macos-x86_64