Last updated on 2025-02-08 20:48:24 CET.
Flavor | Version | Tinstall | Tcheck | Ttotal | Status | Flags |
---|---|---|---|---|---|---|
r-devel-linux-x86_64-debian-clang | 2.0.3 | 46.82 | 145.39 | 192.21 | OK | |
r-devel-linux-x86_64-debian-gcc | 2.0.3 | 29.20 | 106.36 | 135.56 | OK | |
r-devel-linux-x86_64-fedora-clang | 2.0.3 | 328.71 | OK | |||
r-devel-linux-x86_64-fedora-gcc | 2.0.3 | 315.04 | OK | |||
r-devel-windows-x86_64 | 2.0.3 | 48.00 | 157.00 | 205.00 | OK | |
r-patched-linux-x86_64 | 2.0.3 | 45.71 | 135.76 | 181.47 | OK | |
r-release-linux-x86_64 | 2.0.3 | 46.67 | 134.85 | 181.52 | OK | |
r-release-macos-arm64 | 2.0.3 | 80.00 | NOTE | |||
r-release-macos-x86_64 | 2.0.3 | 167.00 | NOTE | |||
r-release-windows-x86_64 | 2.0.3 | 47.00 | 168.00 | 215.00 | NOTE | |
r-oldrel-macos-arm64 | 2.0.3 | 83.00 | NOTE | |||
r-oldrel-macos-x86_64 | 2.0.3 | 155.00 | NOTE | |||
r-oldrel-windows-x86_64 | 2.0.3 | 58.00 | 198.00 | 256.00 | NOTE |
Version: 2.0.3
Check: installed package size
Result: NOTE
installed size is 5.8Mb
sub-directories of 1Mb or more:
R 2.0Mb
doc 2.8Mb
Flavors: r-release-macos-arm64, r-release-macos-x86_64, r-release-windows-x86_64, r-oldrel-macos-arm64, r-oldrel-macos-x86_64, r-oldrel-windows-x86_64
Version: 2.0.3
Check: package dependencies
Result: NOTE
Package suggested but not available for checking: 'doMC'
Flavors: r-release-windows-x86_64, r-oldrel-windows-x86_64