Last updated on 2025-01-19 05:49:09 CET.
Flavor | Version | Tinstall | Tcheck | Ttotal | Status | Flags |
---|---|---|---|---|---|---|
r-devel-linux-x86_64-debian-clang | 1.0.1 | 49.53 | 24.81 | 74.34 | NOTE | |
r-devel-linux-x86_64-debian-gcc | 1.0.1 | 36.04 | 19.90 | 55.94 | NOTE | |
r-devel-linux-x86_64-fedora-clang | 1.0.1 | 152.53 | NOTE | |||
r-devel-linux-x86_64-fedora-gcc | 1.0.1 | 151.13 | NOTE | |||
r-devel-windows-x86_64 | 1.0.1 | 54.00 | 65.00 | 119.00 | NOTE | |
r-patched-linux-x86_64 | 1.0.1 | 53.58 | 24.01 | 77.59 | NOTE | |
r-release-linux-x86_64 | 1.0.1 | 53.06 | 23.38 | 76.44 | NOTE | |
r-release-macos-arm64 | 1.0.1 | 38.00 | NOTE | |||
r-release-macos-x86_64 | 1.0.1 | 39.00 | NOTE | |||
r-release-windows-x86_64 | 1.0.1 | 57.00 | 65.00 | 122.00 | NOTE | |
r-oldrel-macos-arm64 | 1.0.1 | 41.00 | NOTE | |||
r-oldrel-macos-x86_64 | 1.0.1 | 72.00 | NOTE | |||
r-oldrel-windows-x86_64 | 1.0.1 | 62.00 | 75.00 | 137.00 | NOTE |
Version: 1.0.1
Check: C++ specification
Result: NOTE
Specified C++11: please drop specification unless essential
Flavors: r-devel-linux-x86_64-debian-clang, r-devel-linux-x86_64-debian-gcc, r-devel-linux-x86_64-fedora-clang, r-devel-linux-x86_64-fedora-gcc, r-devel-windows-x86_64, r-patched-linux-x86_64, r-release-linux-x86_64, r-release-macos-arm64, r-release-macos-x86_64, r-release-windows-x86_64, r-oldrel-macos-arm64, r-oldrel-macos-x86_64, r-oldrel-windows-x86_64