CRAN Package Check Results for Package gridSVG

Last updated on 2019-10-14 12:47:56 CEST.

Flavor Version Tinstall Tcheck Ttotal Status Flags
r-devel-linux-x86_64-debian-clang 1.7-0 14.45 121.64 136.09 OK
r-devel-linux-x86_64-debian-gcc 1.7-0 10.98 95.43 106.41 OK
r-devel-linux-x86_64-fedora-clang 1.7-0 160.33 OK
r-devel-linux-x86_64-fedora-gcc 1.7-0 158.31 OK
r-devel-windows-ix86+x86_64 1.7-0 18.00 208.00 226.00 OK
r-patched-linux-x86_64 1.7-0 13.77 119.90 133.67 OK
r-patched-solaris-x86 1.7-0 216.70 OK
r-release-linux-x86_64 1.7-0 13.98 120.93 134.91 OK
r-release-windows-ix86+x86_64 1.7-0 22.00 141.00 163.00 OK
r-release-osx-x86_64 1.7-0 OK
r-oldrel-windows-ix86+x86_64 1.6-0 20.00 139.00 159.00 OK
r-oldrel-osx-x86_64 1.7-0 ERROR

Check Details

Version: 1.7-0
Check: whether package can be installed
Result: ERROR
    Installation failed.
Flavor: r-oldrel-osx-x86_64