Last updated on 2025-01-19 05:49:09 CET.
Flavor | Version | Tinstall | Tcheck | Ttotal | Status | Flags |
---|---|---|---|---|---|---|
r-devel-linux-x86_64-debian-clang | 0.1.5 | 23.75 | 34.95 | 58.70 | NOTE | |
r-devel-linux-x86_64-debian-gcc | 0.1.5 | 20.99 | 26.70 | 47.69 | NOTE | |
r-devel-linux-x86_64-fedora-clang | 0.1.5 | 103.64 | NOTE | |||
r-devel-linux-x86_64-fedora-gcc | 0.1.5 | 110.28 | NOTE | |||
r-devel-windows-x86_64 | 0.1.5 | 29.00 | 72.00 | 101.00 | NOTE | |
r-patched-linux-x86_64 | 0.1.5 | 28.08 | 33.14 | 61.22 | NOTE | |
r-release-linux-x86_64 | 0.1.5 | 28.99 | 32.26 | 61.25 | NOTE | |
r-release-macos-arm64 | 0.1.5 | 33.00 | NOTE | |||
r-release-macos-x86_64 | 0.1.5 | 40.00 | NOTE | |||
r-release-windows-x86_64 | 0.1.5 | 30.00 | 67.00 | 97.00 | NOTE | |
r-oldrel-macos-arm64 | 0.1.5 | 36.00 | NOTE | |||
r-oldrel-macos-x86_64 | 0.1.5 | 57.00 | NOTE | |||
r-oldrel-windows-x86_64 | 0.1.5 | 34.00 | 80.00 | 114.00 | NOTE |
Version: 0.1.5
Check: C++ specification
Result: NOTE
Specified C++11: please drop specification unless essential
Flavors: r-devel-linux-x86_64-debian-clang, r-devel-linux-x86_64-debian-gcc, r-devel-linux-x86_64-fedora-clang, r-devel-linux-x86_64-fedora-gcc, r-devel-windows-x86_64, r-patched-linux-x86_64, r-release-linux-x86_64, r-release-macos-arm64, r-release-macos-x86_64, r-release-windows-x86_64, r-oldrel-macos-arm64, r-oldrel-macos-x86_64, r-oldrel-windows-x86_64