CRAN Package Check Results for Package gridtext

Last updated on 2020-10-25 11:50:33 CET.

Flavor Version Tinstall Tcheck Ttotal Status Flags
r-devel-linux-x86_64-debian-clang 0.1.1 79.91 39.17 119.08 OK
r-devel-linux-x86_64-debian-gcc 0.1.1 68.84 29.88 98.72 OK
r-devel-linux-x86_64-fedora-clang 0.1.1 182.32 NOTE
r-devel-linux-x86_64-fedora-gcc 0.1.1 166.91 OK
r-devel-windows-ix86+x86_64 0.1.1 179.00 98.00 277.00 OK
r-patched-linux-x86_64 0.1.1 79.57 36.97 116.54 OK
r-patched-solaris-x86 0.1.1 122.00 OK
r-release-linux-x86_64 0.1.1 79.85 37.08 116.93 OK
r-release-macos-x86_64 0.1.1 NOTE
r-release-windows-ix86+x86_64 0.1.1 141.00 71.00 212.00 OK
r-oldrel-macos-x86_64 0.1.1 NOTE
r-oldrel-windows-ix86+x86_64 0.1.1 175.00 94.00 269.00 OK

Check Details

Version: 0.1.1
Check: installed package size
Result: NOTE
     installed size is 9.4Mb
     sub-directories of 1Mb or more:
     libs 8.8Mb
Flavors: r-devel-linux-x86_64-fedora-clang, r-release-macos-x86_64, r-oldrel-macos-x86_64