Last updated on 2024-05-01 16:52:57 CEST.
Flavor | Version | Tinstall | Tcheck | Ttotal | Status | Flags |
---|---|---|---|---|---|---|
r-devel-linux-x86_64-debian-clang | 0.0.3 | 3.26 | 111.98 | 115.24 | OK | |
r-devel-linux-x86_64-debian-gcc | 0.0.3 | 2.48 | 78.24 | 80.72 | OK | |
r-devel-linux-x86_64-fedora-clang | 0.0.3 | 151.44 | NOTE | |||
r-devel-linux-x86_64-fedora-gcc | 0.0.3 | 157.98 | NOTE | |||
r-devel-windows-x86_64 | 0.0.3 | 3.00 | 102.00 | 105.00 | OK | |
r-patched-linux-x86_64 | 0.0.3 | 3.37 | 109.82 | 113.19 | OK | |
r-release-linux-x86_64 | 0.0.3 | 3.03 | 107.55 | 110.58 | OK | |
r-release-macos-arm64 | 0.0.3 | 42.00 | OK | |||
r-release-windows-x86_64 | 0.0.3 | 3.00 | 107.00 | 110.00 | OK | |
r-oldrel-macos-arm64 | 0.0.3 | 46.00 | OK | |||
r-oldrel-macos-x86_64 | 0.0.3 | 78.00 | OK | |||
r-oldrel-windows-x86_64 | 0.0.3 | 4.00 | 116.00 | 120.00 | OK |
Version: 0.0.3
Check: dependencies in R code
Result: NOTE
Namespaces in Imports field not imported from:
‘MASS’ ‘rjags’
All declared Imports should be used.
Flavors: r-devel-linux-x86_64-fedora-clang, r-devel-linux-x86_64-fedora-gcc