CRAN Package Check Results for Package groupedSurv

Last updated on 2025-01-19 05:49:09 CET.

Flavor Version Tinstall Tcheck Ttotal Status Flags
r-devel-linux-x86_64-debian-clang 1.0.5.1 66.16 54.28 120.44 OK
r-devel-linux-x86_64-debian-gcc 1.0.5.1 47.84 41.42 89.26 OK
r-devel-linux-x86_64-fedora-clang 1.0.5.1 227.32 OK
r-devel-linux-x86_64-fedora-gcc 1.0.5.1 241.50 OK
r-devel-windows-x86_64 1.0.5.1 72.00 109.00 181.00 OK
r-patched-linux-x86_64 1.0.5.1 67.31 53.54 120.85 OK
r-release-linux-x86_64 1.0.5.1 66.92 53.07 119.99 OK
r-release-macos-arm64 1.0.5.1 63.00 NOTE
r-release-macos-x86_64 1.0.5.1 74.00 WARN
r-release-windows-x86_64 1.0.5.1 72.00 106.00 178.00 OK
r-oldrel-macos-arm64 1.0.5.1 155.00 NOTE
r-oldrel-macos-x86_64 1.0.5.1 147.00 NOTE
r-oldrel-windows-x86_64 1.0.5.1 83.00 124.00 207.00 OK

Check Details

Version: 1.0.5.1
Check: installed package size
Result: NOTE installed size is 9.7Mb sub-directories of 1Mb or more: libs 9.3Mb Flavors: r-release-macos-arm64, r-release-macos-x86_64, r-oldrel-macos-arm64, r-oldrel-macos-x86_64

Version: 1.0.5.1
Check: re-building of vignette outputs
Result: WARN Error(s) in re-building vignettes: ... --- re-building ‘groupedSurv.Rnw’ using knitr Error: processing vignette 'groupedSurv.Rnw' failed with diagnostics: Running 'texi2dvi' on 'groupedSurv.tex' failed. LaTeX errors: ! Undefined control sequence. l.7 \hlkwd{thetaEst}\hldef {(}\hlkwc{Z}\hldef{=}\hlkwa{NULL}\hldef{, gtime, d... ? ! Emergency stop. l.7 End of file on the terminal! ! ==> Fatal error occurred, no output PDF file produced! --- failed re-building ‘groupedSurv.Rnw’ SUMMARY: processing the following file failed: ‘groupedSurv.Rnw’ Error: Vignette re-building failed. Execution halted Flavor: r-release-macos-x86_64