Last updated on 2025-01-19 05:49:10 CET.
Flavor | Version | Tinstall | Tcheck | Ttotal | Status | Flags |
---|---|---|---|---|---|---|
r-devel-linux-x86_64-debian-clang | 1.1.1 | 40.16 | 29.37 | 69.53 | OK | |
r-devel-linux-x86_64-debian-gcc | 1.1.1 | 28.53 | 22.03 | 50.56 | OK | |
r-devel-linux-x86_64-fedora-clang | 1.1.1 | 135.51 | NOTE | |||
r-devel-linux-x86_64-fedora-gcc | 1.1.1 | 141.02 | NOTE | |||
r-devel-windows-x86_64 | 1.1.1 | 43.00 | 67.00 | 110.00 | OK | |
r-patched-linux-x86_64 | 1.1.1 | 40.73 | 27.91 | 68.64 | OK | |
r-release-linux-x86_64 | 1.1.1 | 42.39 | 27.65 | 70.04 | OK | |
r-release-macos-arm64 | 1.1.1 | 34.00 | OK | |||
r-release-macos-x86_64 | 1.1.1 | 40.00 | OK | |||
r-release-windows-x86_64 | 1.1.1 | 47.00 | 69.00 | 116.00 | OK | |
r-oldrel-macos-arm64 | 1.1.1 | 43.00 | OK | |||
r-oldrel-macos-x86_64 | 1.1.1 | 72.00 | OK | |||
r-oldrel-windows-x86_64 | 1.1.1 | 49.00 | 79.00 | 128.00 | OK |
Version: 1.1.1
Check: compiled code
Result: NOTE
File ‘grove/libs/grove.so’:
Found no calls to: ‘R_registerRoutines’, ‘R_useDynamicSymbols’
It is good practice to register native routines and to disable symbol
search.
See ‘Writing portable packages’ in the ‘Writing R Extensions’ manual.
Flavors: r-devel-linux-x86_64-fedora-clang, r-devel-linux-x86_64-fedora-gcc