Last updated on 2025-01-19 05:49:10 CET.
Flavor | Version | Tinstall | Tcheck | Ttotal | Status | Flags |
---|---|---|---|---|---|---|
r-devel-linux-x86_64-debian-clang | 0.16 | 189.36 | 114.41 | 303.77 | OK | |
r-devel-linux-x86_64-debian-gcc | 0.16 | 148.89 | 72.01 | 220.90 | OK | |
r-devel-linux-x86_64-fedora-clang | 0.16 | 532.79 | OK | |||
r-devel-linux-x86_64-fedora-gcc | 0.16 | 600.16 | OK | |||
r-devel-windows-x86_64 | 0.16 | 188.00 | 143.00 | 331.00 | OK | |
r-patched-linux-x86_64 | 0.16 | 199.64 | 103.51 | 303.15 | OK | |
r-release-linux-x86_64 | 0.16 | 202.70 | 102.26 | 304.96 | OK | |
r-release-macos-arm64 | 0.16 | 118.00 | NOTE | |||
r-release-macos-x86_64 | 0.16 | 145.00 | NOTE | |||
r-release-windows-x86_64 | 0.16 | 191.00 | 141.00 | 332.00 | OK | |
r-oldrel-macos-arm64 | 0.16 | 127.00 | NOTE | |||
r-oldrel-macos-x86_64 | 0.16 | 178.00 | NOTE | |||
r-oldrel-windows-x86_64 | 0.16 | 225.00 | 176.00 | 401.00 | OK |
Version: 0.16
Check: installed package size
Result: NOTE
installed size is 13.3Mb
sub-directories of 1Mb or more:
libs 12.8Mb
Flavors: r-release-macos-arm64, r-release-macos-x86_64, r-oldrel-macos-arm64, r-oldrel-macos-x86_64