CRAN Package Check Results for Package gstar

Last updated on 2025-01-19 05:49:10 CET.

Flavor Version Tinstall Tcheck Ttotal Status Flags
r-devel-linux-x86_64-debian-clang 0.1.0 4.97 44.22 49.19 OK
r-devel-linux-x86_64-debian-gcc 0.1.0 3.48 32.65 36.13 OK
r-devel-linux-x86_64-fedora-clang 0.1.0 78.73 NOTE
r-devel-linux-x86_64-fedora-gcc 0.1.0 73.51 NOTE
r-devel-windows-x86_64 0.1.0 6.00 60.00 66.00 OK
r-patched-linux-x86_64 0.1.0 4.84 40.84 45.68 OK
r-release-linux-x86_64 0.1.0 5.12 40.69 45.81 OK
r-release-macos-arm64 0.1.0 26.00 OK
r-release-macos-x86_64 0.1.0 48.00 OK
r-release-windows-x86_64 0.1.0 9.00 59.00 68.00 OK
r-oldrel-macos-arm64 0.1.0 29.00 OK
r-oldrel-macos-x86_64 0.1.0 39.00 OK
r-oldrel-windows-x86_64 0.1.0 8.00 67.00 75.00 OK

Check Details

Version: 0.1.0
Check: dependencies in R code
Result: NOTE Namespace in Imports field not imported from: ‘dplyr’ All declared Imports should be used. Flavors: r-devel-linux-x86_64-fedora-clang, r-devel-linux-x86_64-fedora-gcc