CRAN Package Check Results for Package gsynth

Last updated on 2025-01-19 05:49:10 CET.

Flavor Version Tinstall Tcheck Ttotal Status Flags
r-devel-linux-x86_64-debian-clang 1.2.1 47.53 101.68 149.21 NOTE
r-devel-linux-x86_64-debian-gcc 1.2.1 33.01 67.87 100.88 NOTE
r-devel-linux-x86_64-fedora-clang 1.2.1 253.50 NOTE
r-devel-linux-x86_64-fedora-gcc 1.2.1 245.83 NOTE
r-devel-windows-x86_64 1.2.1 44.00 120.00 164.00 NOTE
r-patched-linux-x86_64 1.2.1 47.61 93.38 140.99 NOTE
r-release-linux-x86_64 1.2.1 47.31 91.20 138.51 NOTE
r-release-macos-arm64 1.2.1 61.00 NOTE
r-release-macos-x86_64 1.2.1 88.00 NOTE
r-release-windows-x86_64 1.2.1 41.00 118.00 159.00 NOTE
r-oldrel-macos-arm64 1.2.1 68.00 NOTE
r-oldrel-macos-x86_64 1.2.1 111.00 NOTE
r-oldrel-windows-x86_64 1.2.1 57.00 147.00 204.00 NOTE

Check Details

Version: 1.2.1
Check: C++ specification
Result: NOTE Specified C++11: please drop specification unless essential Flavors: r-devel-linux-x86_64-debian-clang, r-devel-linux-x86_64-debian-gcc, r-devel-linux-x86_64-fedora-clang, r-devel-linux-x86_64-fedora-gcc, r-devel-windows-x86_64, r-patched-linux-x86_64, r-release-linux-x86_64, r-release-macos-arm64, r-release-macos-x86_64, r-release-windows-x86_64, r-oldrel-macos-arm64, r-oldrel-macos-x86_64, r-oldrel-windows-x86_64