Last updated on 2024-04-17 13:57:30 CEST.
Flavor | Version | Tinstall | Tcheck | Ttotal | Status | Flags |
---|---|---|---|---|---|---|
r-devel-linux-x86_64-debian-clang | 0.10.1 | 34.05 | 306.43 | 340.48 | OK | |
r-devel-linux-x86_64-debian-gcc | 0.10.1 | 25.79 | 216.77 | 242.56 | OK | |
r-devel-linux-x86_64-fedora-clang | 0.10.1 | 405.06 | NOTE | |||
r-devel-linux-x86_64-fedora-gcc | 0.10.1 | 413.25 | NOTE | |||
r-prerel-macos-arm64 | 0.10.1 | 87.00 | NOTE | |||
r-prerel-windows-x86_64 | 0.10.1 | 32.00 | 239.00 | 271.00 | NOTE | |
r-patched-linux-x86_64 | 0.10.1 | 49.83 | 284.34 | 334.17 | OK | |
r-release-linux-x86_64 | 0.10.1 | 29.51 | 283.41 | 312.92 | OK | |
r-release-macos-arm64 | 0.10.1 | 93.00 | NOTE | |||
r-release-macos-x86_64 | 0.10.1 | 190.00 | NOTE | |||
r-release-windows-x86_64 | 0.10.1 | 44.00 | 299.00 | 343.00 | OK | |
r-oldrel-macos-arm64 | 0.10.1 | 82.00 | OK | |||
r-oldrel-windows-x86_64 | 0.10.1 | 46.00 | 206.00 | 252.00 | OK |
Version: 0.10.1
Check: installed package size
Result: NOTE
installed size is 5.1Mb
sub-directories of 1Mb or more:
R 1.4Mb
help 1.9Mb
Flavors: r-devel-linux-x86_64-fedora-clang, r-prerel-macos-arm64, r-prerel-windows-x86_64, r-release-macos-arm64, r-release-macos-x86_64
Version: 0.10.1
Check: data for non-ASCII characters
Result: NOTE
Note: found 146 marked UTF-8 strings
Flavors: r-devel-linux-x86_64-fedora-clang, r-devel-linux-x86_64-fedora-gcc