CRAN Package Check Results for Package guardianapi

Last updated on 2025-01-19 05:49:10 CET.

Flavor Version Tinstall Tcheck Ttotal Status Flags
r-devel-linux-x86_64-debian-clang 0.1.1 5.22 42.78 48.00 OK
r-devel-linux-x86_64-debian-gcc 0.1.1 3.29 30.94 34.23 OK
r-devel-linux-x86_64-fedora-clang 0.1.1 74.34 OK
r-devel-linux-x86_64-fedora-gcc 0.1.1 83.03 OK
r-devel-windows-x86_64 0.1.1 6.00 59.00 65.00 OK
r-patched-linux-x86_64 0.1.1 4.67 38.89 43.56 NOTE
r-release-linux-x86_64 0.1.1 4.63 37.94 42.57 NOTE
r-release-macos-arm64 0.1.1 31.00 NOTE
r-release-macos-x86_64 0.1.1 65.00 NOTE
r-release-windows-x86_64 0.1.1 6.00 61.00 67.00 NOTE
r-oldrel-macos-arm64 0.1.1 39.00 NOTE
r-oldrel-macos-x86_64 0.1.1 48.00 NOTE
r-oldrel-windows-x86_64 0.1.1 6.00 67.00 73.00 NOTE

Check Details

Version: 0.1.1
Check: LazyData
Result: NOTE 'LazyData' is specified without a 'data' directory Flavors: r-patched-linux-x86_64, r-release-linux-x86_64, r-release-macos-arm64, r-release-macos-x86_64, r-release-windows-x86_64, r-oldrel-macos-arm64, r-oldrel-macos-x86_64, r-oldrel-windows-x86_64