Last updated on 2024-05-01 16:52:57 CEST.
Flavor | Version | Tinstall | Tcheck | Ttotal | Status | Flags |
---|---|---|---|---|---|---|
r-devel-linux-x86_64-debian-clang | 0.1.3 | 26.28 | 85.78 | 112.06 | OK | |
r-devel-linux-x86_64-debian-gcc | 0.1.3 | 23.20 | 63.78 | 86.98 | OK | |
r-devel-linux-x86_64-fedora-clang | 0.1.3 | 160.06 | NOTE | |||
r-devel-linux-x86_64-fedora-gcc | 0.1.3 | 145.08 | NOTE | |||
r-devel-windows-x86_64 | 0.1.3 | 29.00 | 93.00 | 122.00 | OK | |
r-patched-linux-x86_64 | 0.1.3 | 21.62 | 80.08 | 101.70 | OK | |
r-release-linux-x86_64 | 0.1.3 | 22.96 | 81.91 | 104.87 | OK | |
r-release-macos-arm64 | 0.1.3 | 44.00 | OK | |||
r-release-windows-x86_64 | 0.1.3 | 28.00 | 97.00 | 125.00 | OK | |
r-oldrel-macos-arm64 | 0.1.3 | 43.00 | OK | |||
r-oldrel-macos-x86_64 | 0.1.3 | 69.00 | OK | |||
r-oldrel-windows-x86_64 | 0.1.3 | 37.00 | 112.00 | 149.00 | OK |
Version: 0.1.3
Check: dependencies in R code
Result: NOTE
Namespaces in Imports field not imported from:
‘DT’ ‘attempt’ ‘corpcor’ ‘glue’ ‘htmltools’ ‘pkgload’ ‘processx’
‘tools’
All declared Imports should be used.
Flavors: r-devel-linux-x86_64-fedora-clang, r-devel-linux-x86_64-fedora-gcc