CRAN Package Check Results for Package gwpcormapper

Last updated on 2025-01-19 05:49:10 CET.

Flavor Version Tinstall Tcheck Ttotal Status Flags
r-devel-linux-x86_64-debian-clang 0.1.3 18.19 72.97 91.16 OK
r-devel-linux-x86_64-debian-gcc 0.1.3 14.29 51.08 65.37 OK
r-devel-linux-x86_64-fedora-clang 0.1.3 139.81 NOTE
r-devel-linux-x86_64-fedora-gcc 0.1.3 139.70 NOTE
r-devel-windows-x86_64 0.1.3 27.00 93.00 120.00 OK
r-patched-linux-x86_64 0.1.3 19.52 64.33 83.85 OK
r-release-linux-x86_64 0.1.3 20.08 64.57 84.65 OK
r-release-macos-arm64 0.1.3 44.00 OK
r-release-macos-x86_64 0.1.3 71.00 OK
r-release-windows-x86_64 0.1.3 25.00 91.00 116.00 OK
r-oldrel-macos-arm64 0.1.3 43.00 OK
r-oldrel-macos-x86_64 0.1.3 69.00 OK
r-oldrel-windows-x86_64 0.1.3 31.00 109.00 140.00 OK

Check Details

Version: 0.1.3
Check: dependencies in R code
Result: NOTE Namespaces in Imports field not imported from: ‘DT’ ‘attempt’ ‘corpcor’ ‘glue’ ‘htmltools’ ‘pkgload’ ‘processx’ ‘tools’ All declared Imports should be used. Flavors: r-devel-linux-x86_64-fedora-clang, r-devel-linux-x86_64-fedora-gcc