Last updated on 2025-01-19 05:49:10 CET.
Flavor | Version | Tinstall | Tcheck | Ttotal | Status | Flags |
---|---|---|---|---|---|---|
r-devel-linux-x86_64-debian-clang | 3.44.0.3 | 2.36 | 3.07 | 5.43 | ERROR | |
r-devel-linux-x86_64-debian-gcc | 3.44.0.3 | 20.96 | 101.02 | 121.98 | OK | |
r-devel-linux-x86_64-fedora-clang | 3.44.0.3 | 314.71 | OK | |||
r-devel-linux-x86_64-fedora-gcc | 3.44.0.3 | 305.56 | OK | |||
r-devel-windows-x86_64 | 3.44.0.3 | 4.00 | 5.00 | 9.00 | ERROR | |
r-patched-linux-x86_64 | 3.44.0.3 | 2.22 | 3.01 | 5.23 | ERROR | |
r-release-linux-x86_64 | 3.44.0.3 | 1.93 | 3.08 | 5.01 | ERROR | |
r-release-macos-arm64 | 3.44.0.3 | 99.00 | NOTE | |||
r-release-macos-x86_64 | 3.44.0.3 | 137.00 | NOTE | |||
r-release-windows-x86_64 | 3.44.0.3 | 5.00 | 6.00 | 11.00 | ERROR | |
r-oldrel-macos-arm64 | 3.44.0.3 | 120.00 | NOTE | |||
r-oldrel-macos-x86_64 | 3.44.0.3 | 244.00 | NOTE | |||
r-oldrel-windows-x86_64 | 3.44.0.3 | 5.00 | 8.00 | 13.00 | NOTE |
Version: 3.44.0.3
Check: whether package can be installed
Result: ERROR
Installation failed.
Flavors: r-devel-linux-x86_64-debian-clang, r-devel-windows-x86_64, r-patched-linux-x86_64, r-release-linux-x86_64, r-release-windows-x86_64
Version: 3.44.0.3
Check: installed package size
Result: NOTE
installed size is 275.7Mb
sub-directories of 1Mb or more:
R 2.1Mb
help 1.0Mb
java 272.1Mb
Flavors: r-release-macos-arm64, r-release-macos-x86_64, r-oldrel-macos-arm64, r-oldrel-macos-x86_64, r-oldrel-windows-x86_64