Last updated on 2025-01-19 05:49:10 CET.
Flavor | Version | Tinstall | Tcheck | Ttotal | Status | Flags |
---|---|---|---|---|---|---|
r-devel-linux-x86_64-debian-clang | 0.1.2 | 4.91 | 23.14 | 28.05 | OK | |
r-devel-linux-x86_64-debian-gcc | 0.1.2 | 4.17 | 18.15 | 22.32 | OK | |
r-devel-linux-x86_64-fedora-clang | 0.1.2 | 43.39 | OK | |||
r-devel-linux-x86_64-fedora-gcc | 0.1.2 | 44.46 | OK | |||
r-devel-windows-x86_64 | 0.1.2 | 12.00 | 60.00 | 72.00 | OK | |
r-patched-linux-x86_64 | 0.1.2 | 5.52 | 21.61 | 27.13 | OK | |
r-release-linux-x86_64 | 0.1.2 | 4.40 | 21.47 | 25.87 | OK | |
r-release-macos-arm64 | 0.1.2 | 23.00 | OK | |||
r-release-macos-x86_64 | 0.1.2 | 39.00 | OK | |||
r-release-windows-x86_64 | 0.1.2 | 8.00 | 6.00 | 14.00 | ERROR | |
r-oldrel-macos-arm64 | 0.1.2 | 25.00 | OK | |||
r-oldrel-macos-x86_64 | 0.1.2 | 43.00 | OK | |||
r-oldrel-windows-x86_64 | 0.1.2 | 11.00 | 64.00 | 75.00 | OK |
Version: 0.1.2
Check: package dependencies
Result: ERROR
Package required and available but unsuitable version: 'h3lib'
See section 'The DESCRIPTION file' in the 'Writing R Extensions'
manual.
Flavor: r-release-windows-x86_64