CRAN Package Check Results for Package hNMF

Last updated on 2025-01-19 05:49:10 CET.

Flavor Version Tinstall Tcheck Ttotal Status Flags
r-devel-linux-x86_64-debian-clang 1.0 8.46 87.97 96.43 OK
r-devel-linux-x86_64-debian-gcc 1.0 6.07 59.84 65.91 OK
r-devel-linux-x86_64-fedora-clang 1.0 145.40 OK
r-devel-linux-x86_64-fedora-gcc 1.0 138.29 OK
r-devel-windows-x86_64 1.0 10.00 89.00 99.00 OK
r-patched-linux-x86_64 1.0 9.25 79.49 88.74 NOTE
r-release-linux-x86_64 1.0 7.38 77.21 84.59 NOTE
r-release-macos-arm64 1.0 41.00 NOTE
r-release-macos-x86_64 1.0 62.00 NOTE
r-release-windows-x86_64 1.0 11.00 86.00 97.00 NOTE
r-oldrel-macos-arm64 1.0 47.00 NOTE
r-oldrel-macos-x86_64 1.0 67.00 NOTE
r-oldrel-windows-x86_64 1.0 12.00 103.00 115.00 NOTE

Check Details

Version: 1.0
Check: LazyData
Result: NOTE 'LazyData' is specified without a 'data' directory Flavors: r-patched-linux-x86_64, r-release-linux-x86_64, r-release-macos-arm64, r-release-macos-x86_64, r-release-windows-x86_64, r-oldrel-macos-arm64, r-oldrel-macos-x86_64, r-oldrel-windows-x86_64