CRAN Package Check Results for Package hackeRnews

Last updated on 2025-01-19 05:49:10 CET.

Flavor Version Tinstall Tcheck Ttotal Status Flags
r-devel-linux-x86_64-debian-clang 0.1.0 2.29 34.64 36.93 OK
r-devel-linux-x86_64-debian-gcc 0.1.0 1.52 23.90 25.42 OK
r-devel-linux-x86_64-fedora-clang 0.1.0 53.19 OK
r-devel-linux-x86_64-fedora-gcc 0.1.0 65.42 OK
r-devel-windows-x86_64 0.1.0 5.00 69.00 74.00 OK
r-patched-linux-x86_64 0.1.0 2.21 30.16 32.37 NOTE
r-release-linux-x86_64 0.1.0 2.27 28.73 31.00 NOTE
r-release-macos-arm64 0.1.0 44.00 NOTE
r-release-macos-x86_64 0.1.0 166.00 NOTE
r-release-windows-x86_64 0.1.0 5.00 67.00 72.00 NOTE
r-oldrel-macos-arm64 0.1.0 41.00 NOTE
r-oldrel-macos-x86_64 0.1.0 58.00 NOTE
r-oldrel-windows-x86_64 0.1.0 5.00 74.00 79.00 NOTE

Check Details

Version: 0.1.0
Check: LazyData
Result: NOTE 'LazyData' is specified without a 'data' directory Flavors: r-patched-linux-x86_64, r-release-linux-x86_64, r-release-macos-arm64, r-release-macos-x86_64, r-release-windows-x86_64, r-oldrel-macos-arm64, r-oldrel-macos-x86_64, r-oldrel-windows-x86_64