CRAN Package Check Results for Package hagis

Last updated on 2020-07-13 12:48:53 CEST.

Flavor Version Tinstall Tcheck Ttotal Status Flags
r-devel-linux-x86_64-debian-clang 3.0.1 5.26 72.55 77.81 OK
r-devel-linux-x86_64-debian-gcc 3.0.1 4.33 53.20 57.53 OK
r-devel-linux-x86_64-fedora-clang 3.0.1 96.52 OK
r-devel-linux-x86_64-fedora-gcc 3.0.1 88.07 OK
r-devel-windows-ix86+x86_64 3.0.1 14.00 115.00 129.00 OK
r-patched-linux-x86_64 3.0.1 4.36 65.05 69.41 OK
r-patched-solaris-x86 3.0.1 116.10 OK
r-release-linux-x86_64 3.0.1 5.27 65.72 70.99 OK
r-release-macos-x86_64 3.0.1 ERROR
r-release-windows-ix86+x86_64 3.0.1 18.00 112.00 130.00 OK
r-oldrel-macos-x86_64 3.0.1 OK
r-oldrel-windows-ix86+x86_64 3.0.1 17.00 81.00 98.00 OK

Check Details

Version: 3.0.1
Check: whether package can be installed
Result: ERROR
    Installation failed.
Flavor: r-release-macos-x86_64