Last updated on 2025-01-19 05:49:10 CET.
Flavor | Version | Tinstall | Tcheck | Ttotal | Status | Flags |
---|---|---|---|---|---|---|
r-devel-linux-x86_64-debian-clang | 3.2.3 | 55.91 | 180.60 | 236.51 | OK | |
r-devel-linux-x86_64-debian-gcc | 3.2.4 | 38.91 | 147.26 | 186.17 | OK | |
r-devel-linux-x86_64-fedora-clang | 3.2.4 | 483.47 | OK | |||
r-devel-linux-x86_64-fedora-gcc | 3.2.4 | 481.94 | OK | |||
r-devel-windows-x86_64 | 3.2.4 | 56.00 | 351.00 | 407.00 | OK | |
r-patched-linux-x86_64 | 3.2.3 | 52.87 | 169.09 | 221.96 | OK | |
r-release-linux-x86_64 | 3.2.3 | 54.70 | 167.85 | 222.55 | OK | |
r-release-macos-arm64 | 3.2.3 | 95.00 | NOTE | |||
r-release-macos-x86_64 | 3.2.3 | 150.00 | NOTE | |||
r-release-windows-x86_64 | 3.2.3 | 57.00 | 223.00 | 280.00 | OK | |
r-oldrel-macos-arm64 | 3.2.3 | 92.00 | NOTE | |||
r-oldrel-macos-x86_64 | 3.2.3 | 145.00 | NOTE | |||
r-oldrel-windows-x86_64 | 3.2.4 | 61.00 | 330.00 | 391.00 | OK |
Version: 3.2.3
Check: installed package size
Result: NOTE
installed size is 5.4Mb
sub-directories of 1Mb or more:
libs 3.2Mb
Flavors: r-release-macos-arm64, r-release-macos-x86_64, r-oldrel-macos-arm64, r-oldrel-macos-x86_64