Last updated on 2025-01-19 05:49:10 CET.
Flavor | Version | Tinstall | Tcheck | Ttotal | Status | Flags |
---|---|---|---|---|---|---|
r-devel-linux-x86_64-debian-clang | 1.2.3 | 49.18 | 174.42 | 223.60 | OK | |
r-devel-linux-x86_64-debian-gcc | 1.2.3 | 39.24 | 121.29 | 160.53 | OK | |
r-devel-linux-x86_64-fedora-clang | 1.2.3 | 393.43 | OK | |||
r-devel-linux-x86_64-fedora-gcc | 1.2.3 | 414.18 | OK | |||
r-devel-windows-x86_64 | 1.2.3 | 56.00 | 193.00 | 249.00 | OK | |
r-patched-linux-x86_64 | 1.2.3 | 53.72 | 163.24 | 216.96 | OK | |
r-release-linux-x86_64 | 1.2.3 | 55.49 | 159.67 | 215.16 | OK | |
r-release-macos-arm64 | 1.2.3 | 111.00 | NOTE | |||
r-release-macos-x86_64 | 1.2.3 | 190.00 | NOTE | |||
r-release-windows-x86_64 | 1.2.3 | 55.00 | 190.00 | 245.00 | NOTE | |
r-oldrel-macos-arm64 | 1.2.3 | 103.00 | NOTE | |||
r-oldrel-macos-x86_64 | 1.2.3 | 180.00 | NOTE | |||
r-oldrel-windows-x86_64 | 1.2.3 | 66.00 | 235.00 | 301.00 | NOTE |
Version: 1.2.3
Check: installed package size
Result: NOTE
installed size is 11.7Mb
sub-directories of 1Mb or more:
data 2.9Mb
doc 2.4Mb
libs 6.2Mb
Flavors: r-release-macos-arm64, r-release-macos-x86_64, r-release-windows-x86_64, r-oldrel-macos-arm64, r-oldrel-macos-x86_64, r-oldrel-windows-x86_64