CRAN Package Check Results for Package hashmap

Last updated on 2018-01-18 12:47:29 CET.

Flavor Version Tinstall Tcheck Ttotal Status Flags
r-devel-linux-x86_64-debian-clang 0.2.2 91.85 33.47 125.32 WARN
r-devel-linux-x86_64-debian-gcc 0.2.2 80.59 30.36 110.95 OK
r-devel-linux-x86_64-fedora-clang 0.2.2 179.15 WARN
r-devel-linux-x86_64-fedora-gcc 0.2.2 176.30 NOTE
r-devel-windows-ix86+x86_64 0.2.2 237.00 83.00 320.00 OK
r-patched-linux-x86_64 0.2.2 97.88 38.71 136.59 OK
r-patched-solaris-x86 0.2.2 169.10 OK
r-release-linux-x86_64 0.2.2 97.33 38.70 136.03 OK
r-release-windows-ix86+x86_64 0.2.2 168.00 80.00 248.00 OK
r-release-osx-x86_64 0.2.2 NOTE
r-oldrel-windows-ix86+x86_64 0.2.2 235.00 80.00 315.00 OK
r-oldrel-osx-x86_64 0.2.2 NOTE

Check Details

Version: 0.2.2
Check: whether package can be installed
Result: WARN
    Found the following significant warnings:
     ../inst/include/hashmap/sparsepp/spp.h:2342:21: warning: 'long long' is a C++11 extension [-Wc++11-long-long]
     ../inst/include/hashmap/sparsepp/spp.h:2365:22: warning: 'long long' is a C++11 extension [-Wc++11-long-long]
Flavors: r-devel-linux-x86_64-debian-clang, r-devel-linux-x86_64-fedora-clang

Version: 0.2.2
Check: installed package size
Result: NOTE
     installed size is 18.7Mb
     sub-directories of 1Mb or more:
     libs 18.1Mb
Flavors: r-devel-linux-x86_64-fedora-clang, r-devel-linux-x86_64-fedora-gcc, r-release-osx-x86_64, r-oldrel-osx-x86_64