CRAN Package Check Results for Package hashmap

Last updated on 2018-06-24 12:46:37 CEST.

Flavor Version Tinstall Tcheck Ttotal Status Flags
r-devel-linux-x86_64-debian-clang 0.2.2 91.22 40.40 131.62 OK
r-devel-linux-x86_64-debian-gcc 0.2.2 82.45 31.74 114.19 OK
r-devel-linux-x86_64-fedora-clang 0.2.2 188.30 WARN
r-devel-linux-x86_64-fedora-gcc 0.2.2 179.17 OK
r-devel-windows-ix86+x86_64 0.2.2 243.00 92.00 335.00 OK
r-patched-linux-x86_64 0.2.2 97.14 35.78 132.92 OK
r-patched-solaris-x86 0.2.2 159.10 OK
r-release-linux-x86_64 0.2.2 95.89 34.97 130.86 OK
r-release-windows-ix86+x86_64 0.2.2 238.00 96.00 334.00 OK
r-release-osx-x86_64 0.2.2 NOTE
r-oldrel-windows-ix86+x86_64 0.2.2 223.00 75.00 298.00 OK
r-oldrel-osx-x86_64 0.2.2 NOTE

Additional issues

gcc8

Check Details

Version: 0.2.2
Check: whether package can be installed
Result: WARN
    Found the following significant warnings:
     ../inst/include/hashmap/sparsepp/spp.h:2342:21: warning: 'long long' is a C++11 extension [-Wc++11-long-long]
     ../inst/include/hashmap/sparsepp/spp.h:2365:22: warning: 'long long' is a C++11 extension [-Wc++11-long-long]
Flavor: r-devel-linux-x86_64-fedora-clang

Version: 0.2.2
Check: installed package size
Result: NOTE
     installed size is 18.8Mb
     sub-directories of 1Mb or more:
     libs 18.2Mb
Flavors: r-devel-linux-x86_64-fedora-clang, r-release-osx-x86_64, r-oldrel-osx-x86_64