Last updated on 2025-01-19 05:49:10 CET.
Flavor | Version | Tinstall | Tcheck | Ttotal | Status | Flags |
---|---|---|---|---|---|---|
r-devel-linux-x86_64-debian-clang | 2.5.4 | 31.31 | 58.19 | 89.50 | OK | |
r-devel-linux-x86_64-debian-gcc | 2.5.4 | 25.29 | 40.28 | 65.57 | OK | |
r-devel-linux-x86_64-fedora-clang | 2.5.4 | 144.30 | OK | |||
r-devel-linux-x86_64-fedora-gcc | 2.5.4 | 181.47 | OK | |||
r-devel-windows-x86_64 | 2.5.4 | 61.00 | 94.00 | 155.00 | OK | |
r-patched-linux-x86_64 | 2.5.4 | 34.26 | 53.04 | 87.30 | NOTE | |
r-release-linux-x86_64 | 2.5.4 | 33.32 | 53.12 | 86.44 | NOTE | |
r-release-macos-arm64 | 2.5.4 | 59.00 | NOTE | |||
r-release-macos-x86_64 | 2.5.4 | 71.00 | NOTE | |||
r-release-windows-x86_64 | 2.5.4 | 66.00 | 101.00 | 167.00 | NOTE | |
r-oldrel-macos-arm64 | 2.5.4 | 56.00 | NOTE | |||
r-oldrel-macos-x86_64 | 2.5.4 | 100.00 | NOTE | |||
r-oldrel-windows-x86_64 | 2.5.4 | 66.00 | 114.00 | 180.00 | NOTE |
Version: 2.5.4
Check: for GNU extensions in Makefiles
Result: NOTE
GNU make is a SystemRequirements.
Flavors: r-patched-linux-x86_64, r-release-linux-x86_64, r-release-macos-arm64, r-release-macos-x86_64, r-release-windows-x86_64, r-oldrel-macos-arm64, r-oldrel-macos-x86_64, r-oldrel-windows-x86_64