Last updated on 2024-04-17 13:57:30 CEST.
Flavor | Version | Tinstall | Tcheck | Ttotal | Status | Flags |
---|---|---|---|---|---|---|
r-devel-linux-x86_64-debian-clang | 1.1.1 | 2.22 | 56.51 | 58.73 | NOTE | |
r-devel-linux-x86_64-debian-gcc | 1.1.1 | 1.61 | 41.18 | 42.79 | NOTE | |
r-devel-linux-x86_64-fedora-clang | 1.1.1 | 75.14 | NOTE | |||
r-devel-linux-x86_64-fedora-gcc | 1.1.1 | 84.37 | NOTE | |||
r-prerel-macos-arm64 | 1.1.1 | 26.00 | NOTE | |||
r-prerel-windows-x86_64 | 1.1.1 | 3.00 | 57.00 | 60.00 | NOTE | |
r-patched-linux-x86_64 | 1.1.1 | 2.13 | 51.92 | 54.05 | NOTE | |
r-release-linux-x86_64 | 1.1.1 | 1.98 | 51.47 | 53.45 | NOTE | |
r-release-macos-arm64 | 1.1.1 | 29.00 | NOTE | |||
r-release-macos-x86_64 | 1.1.1 | 45.00 | NOTE | |||
r-release-windows-x86_64 | 1.1.1 | 3.00 | 58.00 | 61.00 | NOTE | |
r-oldrel-macos-arm64 | 1.1.1 | 23.00 | NOTE | |||
r-oldrel-windows-x86_64 | 1.1.1 | 4.00 | 62.00 | 66.00 | NOTE |
Version: 1.1.1
Check: LazyData
Result: NOTE
'LazyData' is specified without a 'data' directory
Flavors: r-devel-linux-x86_64-debian-clang, r-devel-linux-x86_64-debian-gcc, r-devel-linux-x86_64-fedora-clang, r-devel-linux-x86_64-fedora-gcc, r-prerel-macos-arm64, r-prerel-windows-x86_64, r-patched-linux-x86_64, r-release-linux-x86_64, r-release-macos-arm64, r-release-macos-x86_64, r-release-windows-x86_64, r-oldrel-macos-arm64, r-oldrel-windows-x86_64