Last updated on 2025-01-19 05:49:10 CET.
Flavor | Version | Tinstall | Tcheck | Ttotal | Status | Flags |
---|---|---|---|---|---|---|
r-devel-linux-x86_64-debian-clang | 2.3.2 | 1210.26 | 160.48 | 1370.74 | OK | |
r-devel-linux-x86_64-debian-gcc | 2.3.2 | 1055.60 | 198.19 | 1253.79 | OK | |
r-devel-linux-x86_64-fedora-clang | 2.3.2 | 2107.86 | OK | |||
r-devel-linux-x86_64-fedora-gcc | 2.3.2 | 3215.66 | OK | |||
r-devel-windows-x86_64 | 2.3.2 | 1055.00 | 262.00 | 1317.00 | OK | |
r-patched-linux-x86_64 | 2.3.2 | 1166.83 | 262.94 | 1429.77 | NOTE | |
r-release-linux-x86_64 | 2.3.2 | 1449.28 | 260.68 | 1709.96 | NOTE | |
r-release-macos-arm64 | 2.3.2 | 380.00 | NOTE | |||
r-release-macos-x86_64 | 2.3.2 | 385.00 | NOTE | |||
r-release-windows-x86_64 | 2.3.2 | 1078.00 | 256.00 | 1334.00 | NOTE | |
r-oldrel-macos-arm64 | 2.3.2 | 463.00 | NOTE | |||
r-oldrel-macos-x86_64 | 2.3.2 | 525.00 | NOTE | |||
r-oldrel-windows-x86_64 | 2.3.2 | 1444.00 | 325.00 | 1769.00 | NOTE |
Version: 2.3.2
Check: for GNU extensions in Makefiles
Result: NOTE
GNU make is a SystemRequirements.
Flavors: r-patched-linux-x86_64, r-release-linux-x86_64, r-release-macos-arm64, r-release-macos-x86_64, r-release-windows-x86_64, r-oldrel-macos-arm64, r-oldrel-macos-x86_64, r-oldrel-windows-x86_64
Version: 2.3.2
Check: installed package size
Result: NOTE
installed size is 168.2Mb
sub-directories of 1Mb or more:
libs 166.5Mb
Flavors: r-release-macos-arm64, r-release-macos-x86_64, r-release-windows-x86_64, r-oldrel-macos-arm64, r-oldrel-macos-x86_64, r-oldrel-windows-x86_64