Last updated on 2025-01-19 05:49:10 CET.
Flavor | Version | Tinstall | Tcheck | Ttotal | Status | Flags |
---|---|---|---|---|---|---|
r-devel-linux-x86_64-debian-clang | 0.1.1 | 16.10 | 105.13 | 121.23 | OK | |
r-devel-linux-x86_64-debian-gcc | 0.1.1 | 11.04 | 71.60 | 82.64 | OK | |
r-devel-linux-x86_64-fedora-clang | 0.1.1 | 201.93 | OK | |||
r-devel-linux-x86_64-fedora-gcc | 0.1.1 | 195.03 | OK | |||
r-devel-windows-x86_64 | 0.1.1 | 18.00 | 110.00 | 128.00 | OK | |
r-patched-linux-x86_64 | 0.1.1 | 12.45 | 95.93 | 108.38 | NOTE | |
r-release-linux-x86_64 | 0.1.1 | 14.94 | 97.99 | 112.93 | NOTE | |
r-release-macos-arm64 | 0.1.1 | 66.00 | NOTE | |||
r-release-macos-x86_64 | 0.1.1 | 178.00 | NOTE | |||
r-release-windows-x86_64 | 0.1.1 | 19.00 | 114.00 | 133.00 | NOTE | |
r-oldrel-macos-arm64 | 0.1.1 | 77.00 | NOTE | |||
r-oldrel-macos-x86_64 | 0.1.1 | 160.00 | NOTE | |||
r-oldrel-windows-x86_64 | 0.1.1 | 21.00 | 135.00 | 156.00 | NOTE |
Version: 0.1.1
Check: package dependencies
Result: NOTE
Package suggested but not available for checking: ‘cmdstanr’
Flavors: r-patched-linux-x86_64, r-release-linux-x86_64, r-release-macos-arm64, r-release-macos-x86_64, r-release-windows-x86_64, r-oldrel-macos-arm64, r-oldrel-macos-x86_64, r-oldrel-windows-x86_64