Last updated on 2025-01-19 05:49:10 CET.
Flavor | Version | Tinstall | Tcheck | Ttotal | Status | Flags |
---|---|---|---|---|---|---|
r-devel-linux-x86_64-debian-clang | 1.0.1 | 16.18 | 124.07 | 140.25 | NOTE | |
r-devel-linux-x86_64-debian-gcc | 1.0.1 | 9.94 | 82.58 | 92.52 | NOTE | |
r-devel-linux-x86_64-fedora-clang | 1.0.1 | 222.40 | OK | |||
r-devel-linux-x86_64-fedora-gcc | 1.0.1 | 199.96 | OK | |||
r-devel-windows-x86_64 | 1.0.1 | 16.00 | 118.00 | 134.00 | NOTE | |
r-patched-linux-x86_64 | 1.0.1 | 23.20 | 111.81 | 135.01 | OK | |
r-release-linux-x86_64 | 1.0.1 | 14.37 | 110.31 | 124.68 | OK | |
r-release-macos-arm64 | 1.0.1 | 54.00 | OK | |||
r-release-macos-x86_64 | 1.0.1 | 88.00 | OK | |||
r-release-windows-x86_64 | 1.0.1 | 16.00 | 120.00 | 136.00 | OK | |
r-oldrel-macos-arm64 | 1.0.1 | 58.00 | OK | |||
r-oldrel-macos-x86_64 | 1.0.1 | 165.00 | OK | |||
r-oldrel-windows-x86_64 | 1.0.1 | 20.00 | 148.00 | 168.00 | OK |
Version: 1.0.1
Check: Rd cross-references
Result: NOTE
Found the following Rd file(s) with Rd \link{} targets missing package
anchors:
mediate_hdmm.Rd: mediate
mediate_hima.Rd: hdi
Please provide package anchors for all Rd \link{} targets not in the
package itself and the base packages.
Flavors: r-devel-linux-x86_64-debian-clang, r-devel-linux-x86_64-debian-gcc, r-devel-windows-x86_64