Last updated on 2025-02-14 13:50:03 CET.
Flavor | Version | Tinstall | Tcheck | Ttotal | Status | Flags |
---|---|---|---|---|---|---|
r-devel-linux-x86_64-debian-clang | 1.0.1 | 9.06 | 113.23 | 122.29 | OK | |
r-devel-linux-x86_64-debian-gcc | 1.0.1 | 5.94 | 80.09 | 86.03 | OK | |
r-devel-linux-x86_64-fedora-clang | 1.0.1 | 194.93 | OK | |||
r-devel-linux-x86_64-fedora-gcc | 1.0.1 | 216.39 | OK | |||
r-devel-windows-x86_64 | 1.0.1 | 18.00 | 134.00 | 152.00 | OK | |
r-release-linux-x86_64 | 1.0.1 | 8.68 | 112.46 | 121.14 | OK | |
r-release-macos-arm64 | 1.0.1 | 85.00 | OK | |||
r-release-macos-x86_64 | 1.0.1 | 174.00 | OK | |||
r-oldrel-macos-arm64 | 1.0.0 | 113.00 | WARN | |||
r-oldrel-macos-x86_64 | 1.0.0 | 248.00 | WARN | |||
r-oldrel-windows-x86_64 | 1.0.1 | 17.00 | 142.00 | 159.00 | OK |
Version: 1.0.0
Check: whether package can be installed
Result: WARN
Found the following significant warnings:
Warning: ‘ndel’ is used uninitialized [-Wuninitialized]
See ‘/Volumes/Builds/packages/big-sur-arm64/results/4.3/hdsvm.Rcheck/00install.out’ for details.
* used C compiler: ‘Apple clang version 14.0.0 (clang-1400.0.29.202)’
* used Fortran compiler: ‘GNU Fortran (GCC) 12.2.0’
* used SDK: ‘MacOSX11.3.sdk’
Flavor: r-oldrel-macos-arm64
Version: 1.0.0
Check: whether package can be installed
Result: WARN
Found the following significant warnings:
Warning: ‘ndel’ is used uninitialized [-Wuninitialized]
See ‘/Volumes/Builds/packages/big-sur-x86_64/results/4.3/hdsvm.Rcheck/00install.out’ for details.
* used C compiler: ‘Apple clang version 14.0.3 (clang-1403.0.22.14.1)’
* used Fortran compiler: ‘GNU Fortran (GCC) 12.2.0’
* used SDK: ‘MacOSX11.3.sdk’
Flavor: r-oldrel-macos-x86_64