CRAN Package Check Results for Package healthfinance

Last updated on 2025-01-19 05:49:10 CET.

Flavor Version Tinstall Tcheck Ttotal Status Flags
r-devel-linux-x86_64-debian-clang 0.1.0 5.83 56.56 62.39 OK
r-devel-linux-x86_64-debian-gcc 0.1.0 4.39 39.56 43.95 OK
r-devel-linux-x86_64-fedora-clang 0.1.0 98.55 OK
r-devel-linux-x86_64-fedora-gcc 0.1.0 89.97 OK
r-devel-windows-x86_64 0.1.0 8.00 65.00 73.00 OK
r-patched-linux-x86_64 0.1.0 5.41 49.29 54.70 NOTE
r-release-linux-x86_64 0.1.0 5.68 50.48 56.16 NOTE
r-release-macos-arm64 0.1.0 30.00 NOTE
r-release-macos-x86_64 0.1.0 63.00 NOTE
r-release-windows-x86_64 0.1.0 7.00 71.00 78.00 NOTE
r-oldrel-macos-arm64 0.1.0 32.00 NOTE
r-oldrel-macos-x86_64 0.1.0 46.00 NOTE
r-oldrel-windows-x86_64 0.1.0 9.00 78.00 87.00 NOTE

Check Details

Version: 0.1.0
Check: LazyData
Result: NOTE 'LazyData' is specified without a 'data' directory Flavors: r-patched-linux-x86_64, r-release-linux-x86_64, r-release-macos-arm64, r-release-macos-x86_64, r-release-windows-x86_64, r-oldrel-macos-arm64, r-oldrel-macos-x86_64, r-oldrel-windows-x86_64