Last updated on 2024-05-01 16:52:57 CEST.
Flavor | Version | Tinstall | Tcheck | Ttotal | Status | Flags |
---|---|---|---|---|---|---|
r-devel-linux-x86_64-debian-clang | 1.0.3 | 24.43 | 36.61 | 61.04 | OK | |
r-devel-linux-x86_64-debian-gcc | 1.0.3 | 18.34 | 28.41 | 46.75 | OK | |
r-devel-linux-x86_64-fedora-clang | 1.0.3 | 79.40 | OK | |||
r-devel-linux-x86_64-fedora-gcc | 1.0.3 | 74.60 | OK | |||
r-devel-windows-x86_64 | 1.0.3 | 22.00 | 54.00 | 76.00 | OK | |
r-patched-linux-x86_64 | 1.0.3 | 16.31 | 35.69 | 52.00 | OK | |
r-release-linux-x86_64 | 1.0.3 | 14.62 | 38.56 | 53.18 | OK | |
r-release-macos-arm64 | 1.0.3 | 36.00 | NOTE | |||
r-release-windows-x86_64 | 1.0.3 | 20.00 | 54.00 | 74.00 | OK | |
r-oldrel-macos-arm64 | 1.0.3 | 42.00 | OK | |||
r-oldrel-macos-x86_64 | 1.0.3 | 69.00 | NOTE | |||
r-oldrel-windows-x86_64 | 1.0.3 | 28.00 | 56.00 | 84.00 | OK |
Version: 1.0.3
Check: installed package size
Result: NOTE
installed size is 5.2Mb
sub-directories of 1Mb or more:
data 4.9Mb
Flavors: r-release-macos-arm64, r-oldrel-macos-x86_64