Last updated on 2025-01-19 05:49:10 CET.
Flavor | Version | Tinstall | Tcheck | Ttotal | Status | Flags |
---|---|---|---|---|---|---|
r-devel-linux-x86_64-debian-clang | 0.2.2 | 9.05 | 88.65 | 97.70 | OK | |
r-devel-linux-x86_64-debian-gcc | 0.2.2 | 8.00 | 60.99 | 68.99 | OK | |
r-devel-linux-x86_64-fedora-clang | 0.2.2 | 146.11 | OK | |||
r-devel-linux-x86_64-fedora-gcc | 0.2.2 | 157.81 | OK | |||
r-devel-windows-x86_64 | 0.2.2 | 13.00 | 101.00 | 114.00 | OK | |
r-patched-linux-x86_64 | 0.2.2 | 9.40 | 79.33 | 88.73 | OK | |
r-release-linux-x86_64 | 0.2.2 | 9.89 | 79.23 | 89.12 | OK | |
r-release-macos-arm64 | 0.2.2 | 63.00 | NOTE | |||
r-release-macos-x86_64 | 0.2.2 | 158.00 | NOTE | |||
r-release-windows-x86_64 | 0.2.2 | 13.00 | 102.00 | 115.00 | NOTE | |
r-oldrel-macos-arm64 | 0.2.2 | 79.00 | NOTE | |||
r-oldrel-macos-x86_64 | 0.2.2 | 137.00 | NOTE | |||
r-oldrel-windows-x86_64 | 0.2.2 | 16.00 | 124.00 | 140.00 | NOTE |
Version: 0.2.2
Check: installed package size
Result: NOTE
installed size is 5.5Mb
sub-directories of 1Mb or more:
data 1.5Mb
doc 3.7Mb
Flavors: r-release-macos-arm64, r-release-macos-x86_64, r-release-windows-x86_64, r-oldrel-macos-arm64, r-oldrel-macos-x86_64, r-oldrel-windows-x86_64