Last updated on 2024-03-28 14:48:30 CET.
Flavor | Version | Tinstall | Tcheck | Ttotal | Status | Flags |
---|---|---|---|---|---|---|
r-devel-linux-x86_64-debian-clang | 1.0 | 2.24 | 23.31 | 25.55 | NOTE | |
r-devel-linux-x86_64-debian-gcc | 1.0 | 1.69 | 17.05 | 18.74 | NOTE | |
r-devel-linux-x86_64-fedora-clang | 1.0 | 30.79 | NOTE | |||
r-devel-linux-x86_64-fedora-gcc | 1.0 | 29.41 | NOTE | |||
r-devel-windows-x86_64 | 1.0 | 4.00 | 34.00 | 38.00 | NOTE | |
r-patched-linux-x86_64 | 1.0 | 2.03 | 21.69 | 23.72 | NOTE | |
r-release-linux-x86_64 | 1.0 | 1.29 | 21.28 | 22.57 | NOTE | |
r-release-macos-arm64 | 1.0 | 16.00 | NOTE | |||
r-release-macos-x86_64 | 1.0 | 19.00 | NOTE | |||
r-release-windows-x86_64 | 1.0 | 4.00 | 37.00 | 41.00 | NOTE | |
r-oldrel-macos-arm64 | 1.0 | 14.00 | NOTE | |||
r-oldrel-windows-x86_64 | 1.0 | 5.00 | 41.00 | 46.00 | NOTE |
Version: 1.0
Check: DESCRIPTION meta-information
Result: NOTE
Malformed Title field: should not end in a period.
Flavors: r-devel-linux-x86_64-debian-clang, r-devel-linux-x86_64-debian-gcc, r-devel-linux-x86_64-fedora-clang, r-devel-linux-x86_64-fedora-gcc, r-devel-windows-x86_64, r-patched-linux-x86_64, r-release-linux-x86_64, r-release-macos-arm64, r-release-macos-x86_64, r-release-windows-x86_64, r-oldrel-macos-arm64, r-oldrel-windows-x86_64