CRAN Package Check Results for Package heatmapFlex

Last updated on 2025-01-19 05:49:10 CET.

Flavor Version Tinstall Tcheck Ttotal Status Flags
r-devel-linux-x86_64-debian-clang 0.1.2 4.87 42.06 46.93 OK
r-devel-linux-x86_64-debian-gcc 0.1.2 3.65 30.91 34.56 OK
r-devel-linux-x86_64-fedora-clang 0.1.2 75.95 OK
r-devel-linux-x86_64-fedora-gcc 0.1.2 85.74 OK
r-devel-windows-x86_64 0.1.2 4.00 59.00 63.00 OK
r-patched-linux-x86_64 0.1.2 4.21 39.19 43.40 OK
r-release-linux-x86_64 0.1.2 4.42 39.62 44.04 OK
r-release-macos-arm64 0.1.2 30.00 OK
r-release-macos-x86_64 0.1.2 58.00 OK
r-release-windows-x86_64 0.1.2 6.00 61.00 67.00 OK
r-oldrel-macos-arm64 0.1.2 6.00 ERROR
r-oldrel-macos-x86_64 0.1.2 30.00 OK
r-oldrel-windows-x86_64 0.1.2 6.00 64.00 70.00 OK

Check Details

Version: 0.1.2
Check: package dependencies
Result: ERROR Package required but not available: ‘Heatplus’ See section ‘The DESCRIPTION file’ in the ‘Writing R Extensions’ manual. Flavor: r-oldrel-macos-arm64