Last updated on 2025-01-19 05:49:10 CET.
Flavor | Version | Tinstall | Tcheck | Ttotal | Status | Flags |
---|---|---|---|---|---|---|
r-devel-linux-x86_64-debian-clang | 0.1.3 | 35.65 | 18.61 | 54.26 | OK | |
r-devel-linux-x86_64-debian-gcc | 0.1.3 | 30.31 | 15.38 | 45.69 | OK | |
r-devel-linux-x86_64-fedora-clang | 0.1.3 | 114.33 | OK | |||
r-devel-linux-x86_64-fedora-gcc | 0.1.3 | 114.44 | OK | |||
r-devel-windows-x86_64 | 0.1.3 | 58.00 | 54.00 | 112.00 | OK | |
r-patched-linux-x86_64 | 0.1.3 | 36.43 | 17.50 | 53.93 | OK | |
r-release-linux-x86_64 | 0.1.3 | 36.91 | 17.77 | 54.68 | OK | |
r-release-macos-arm64 | 0.1.3 | 41.00 | NOTE | |||
r-release-macos-x86_64 | 0.1.3 | 55.00 | NOTE | |||
r-release-windows-x86_64 | 0.1.3 | 56.00 | 54.00 | 110.00 | OK | |
r-oldrel-macos-arm64 | 0.1.3 | 40.00 | NOTE | |||
r-oldrel-macos-x86_64 | 0.1.3 | 61.00 | NOTE | |||
r-oldrel-windows-x86_64 | 0.1.3 | 62.00 | 61.00 | 123.00 | OK |
Version: 0.1.3
Check: installed package size
Result: NOTE
installed size is 7.4Mb
sub-directories of 1Mb or more:
libs 7.3Mb
Flavors: r-release-macos-arm64, r-release-macos-x86_64, r-oldrel-macos-arm64, r-oldrel-macos-x86_64