CRAN Package Check Results for Package hermite

Last updated on 2025-01-19 05:49:10 CET.

Flavor Version Tinstall Tcheck Ttotal Status Flags
r-devel-linux-x86_64-debian-clang 1.1.2 2.10 29.57 31.67 NOTE
r-devel-linux-x86_64-debian-gcc 1.1.2 1.90 22.95 24.85 NOTE
r-devel-linux-x86_64-fedora-clang 1.1.2 49.73 NOTE
r-devel-linux-x86_64-fedora-gcc 1.1.2 48.02 NOTE
r-devel-windows-x86_64 1.1.2 5.00 56.00 61.00 NOTE
r-patched-linux-x86_64 1.1.2 3.26 27.19 30.45 NOTE
r-release-linux-x86_64 1.1.2 2.80 27.31 30.11 NOTE
r-release-macos-arm64 1.1.2 20.00 NOTE
r-release-macos-x86_64 1.1.2 28.00 NOTE
r-release-windows-x86_64 1.1.2 5.00 116.00 121.00 NOTE
r-oldrel-macos-arm64 1.1.2 21.00 OK
r-oldrel-macos-x86_64 1.1.2 28.00 OK
r-oldrel-windows-x86_64 1.1.2 6.00 56.00 62.00 OK

Check Details

Version: 1.1.2
Check: Rd files
Result: NOTE checkRd: (-1) glm.hermite.Rd:46-48: Lost braces in \itemize; \value handles \item{}{} directly checkRd: (-1) glm.hermite.Rd:49-51: Lost braces in \itemize; \value handles \item{}{} directly checkRd: (-1) glm.hermite.Rd:52-54: Lost braces in \itemize; \value handles \item{}{} directly checkRd: (-1) glm.hermite.Rd:55-58: Lost braces in \itemize; \value handles \item{}{} directly checkRd: (-1) glm.hermite.Rd:59-60: Lost braces in \itemize; \value handles \item{}{} directly checkRd: (-1) glm.hermite.Rd:61-65: Lost braces in \itemize; \value handles \item{}{} directly checkRd: (-1) glm.hermite.Rd:66-67: Lost braces in \itemize; \value handles \item{}{} directly checkRd: (-1) glm.hermite.Rd:68-69: Lost braces in \itemize; \value handles \item{}{} directly checkRd: (-1) phermite.Rd:38: Lost braces; missing escapes or markup? 38 | {b} and \code{m} to be lower (or greater) than \code{q}. | ^ Flavors: r-devel-linux-x86_64-debian-clang, r-devel-linux-x86_64-debian-gcc, r-devel-linux-x86_64-fedora-clang, r-devel-linux-x86_64-fedora-gcc, r-devel-windows-x86_64, r-patched-linux-x86_64, r-release-linux-x86_64, r-release-macos-arm64, r-release-macos-x86_64, r-release-windows-x86_64