Last updated on 2025-01-19 05:49:10 CET.
Flavor | Version | Tinstall | Tcheck | Ttotal | Status | Flags |
---|---|---|---|---|---|---|
r-devel-linux-x86_64-debian-clang | 1.2.33 | 68.09 | 178.86 | 246.95 | OK | |
r-devel-linux-x86_64-debian-gcc | 1.2.33 | 42.31 | 113.37 | 155.68 | OK | |
r-devel-linux-x86_64-fedora-clang | 1.2.33 | 421.66 | OK | |||
r-devel-linux-x86_64-fedora-gcc | 1.2.33 | 392.46 | OK | |||
r-devel-windows-x86_64 | 1.2.33 | 67.00 | 157.00 | 224.00 | OK | |
r-patched-linux-x86_64 | 1.2.33 | 63.66 | 171.32 | 234.98 | OK | |
r-release-linux-x86_64 | 1.2.33 | 61.11 | 169.58 | 230.69 | OK | |
r-release-macos-arm64 | 1.2.33 | 84.00 | NOTE | |||
r-release-macos-x86_64 | 1.2.33 | 120.00 | NOTE | |||
r-release-windows-x86_64 | 1.2.33 | 63.00 | 159.00 | 222.00 | OK | |
r-oldrel-macos-arm64 | 1.2.33 | 96.00 | NOTE | |||
r-oldrel-macos-x86_64 | 1.2.33 | 213.00 | NOTE | |||
r-oldrel-windows-x86_64 | 1.2.33 | 87.00 | 213.00 | 300.00 | OK |
Version: 1.2.33
Check: installed package size
Result: NOTE
installed size is 6.0Mb
sub-directories of 1Mb or more:
extdata 2.6Mb
libs 3.3Mb
Flavors: r-release-macos-arm64, r-release-macos-x86_64, r-oldrel-macos-arm64, r-oldrel-macos-x86_64