CRAN Package Check Results for Package hierarchicalDS

Last updated on 2020-05-28 12:48:41 CEST.

Flavor Version Tinstall Tcheck Ttotal Status Flags
r-devel-linux-x86_64-debian-clang 3.0 15.86 104.86 120.72 OK
r-devel-linux-x86_64-debian-gcc 3.0 14.59 78.12 92.71 OK
r-devel-linux-x86_64-fedora-clang 3.0 144.14 NOTE
r-devel-linux-x86_64-fedora-gcc 3.0 142.18 NOTE
r-devel-windows-ix86+x86_64 3.0 46.00 108.00 154.00 OK
r-patched-linux-x86_64 3.0 16.55 100.54 117.09 OK
r-patched-solaris-x86 3.0 202.40 NOTE
r-release-linux-x86_64 3.0 16.01 101.47 117.48 OK
r-release-osx-x86_64 3.0 NOTE
r-release-windows-ix86+x86_64 3.0 32.00 144.00 176.00 OK
r-oldrel-osx-x86_64 3.0 NOTE
r-oldrel-windows-ix86+x86_64 3.0 29.00 105.00 134.00 OK

Check Details

Version: 3.0
Check: dependencies in R code
Result: NOTE
    Namespace in Imports field not imported from: ‘MCMCpack’
     All declared Imports should be used.
Flavors: r-devel-linux-x86_64-fedora-clang, r-devel-linux-x86_64-fedora-gcc, r-patched-solaris-x86, r-release-osx-x86_64, r-oldrel-osx-x86_64