Last updated on 2025-01-19 05:49:10 CET.
Flavor | Version | Tinstall | Tcheck | Ttotal | Status | Flags |
---|---|---|---|---|---|---|
r-devel-linux-x86_64-debian-clang | 0.5-11 | 6.05 | 144.38 | 150.43 | NOTE | |
r-devel-linux-x86_64-debian-gcc | 0.5-11 | 3.85 | 95.11 | 98.96 | NOTE | |
r-devel-linux-x86_64-fedora-clang | 0.5-11 | 237.39 | NOTE | |||
r-devel-linux-x86_64-fedora-gcc | 0.5-11 | 251.56 | NOTE | |||
r-devel-windows-x86_64 | 0.5-11 | 9.00 | 160.00 | 169.00 | NOTE | |
r-patched-linux-x86_64 | 0.5-11 | 6.89 | 143.98 | 150.87 | NOTE | |
r-release-linux-x86_64 | 0.5-11 | 5.68 | 144.26 | 149.94 | NOTE | |
r-release-macos-arm64 | 0.5-11 | 70.00 | NOTE | |||
r-release-macos-x86_64 | 0.5-11 | 116.00 | NOTE | |||
r-release-windows-x86_64 | 0.5-11 | 10.00 | 166.00 | 176.00 | NOTE | |
r-oldrel-macos-arm64 | 0.5-11 | 79.00 | OK | |||
r-oldrel-macos-x86_64 | 0.5-11 | 131.00 | OK | |||
r-oldrel-windows-x86_64 | 0.5-11 | 10.00 | 203.00 | 213.00 | OK |
Version: 0.5-11
Check: Rd files
Result: NOTE
checkRd: (-1) read.VCF.Rd:21: Lost braces
21 | Reads a \url{https://samtools.github.io/hts-specs/}{Variant Call Format (VCF)} file into a BED object,
| ^
Flavors: r-devel-linux-x86_64-debian-clang, r-devel-linux-x86_64-debian-gcc, r-devel-linux-x86_64-fedora-clang, r-devel-linux-x86_64-fedora-gcc, r-devel-windows-x86_64, r-patched-linux-x86_64, r-release-linux-x86_64, r-release-macos-arm64, r-release-macos-x86_64, r-release-windows-x86_64