CRAN Package Check Results for Package highfrequency

Last updated on 2020-06-03 12:49:09 CEST.

Flavor Version Tinstall Tcheck Ttotal Status Flags
r-devel-linux-x86_64-debian-clang 0.6.5 58.93 197.38 256.31 OK
r-devel-linux-x86_64-debian-gcc 0.6.5 49.05 147.74 196.79 OK
r-devel-linux-x86_64-fedora-clang 0.6.5 318.92 NOTE
r-devel-linux-x86_64-fedora-gcc 0.6.5 290.72 OK
r-devel-windows-ix86+x86_64 0.6.5 154.00 366.00 520.00 NOTE
r-patched-linux-x86_64 0.6.5 47.49 176.48 223.97 OK
r-patched-solaris-x86 0.6.5 385.40 NOTE
r-release-linux-x86_64 0.6.5 48.05 182.80 230.85 OK
r-release-osx-x86_64 0.6.5 NOTE
r-release-windows-ix86+x86_64 0.6.5 118.00 374.00 492.00 NOTE
r-oldrel-osx-x86_64 0.6.5 NOTE
r-oldrel-windows-ix86+x86_64 0.6.5 109.00 307.00 416.00 NOTE

Check Details

Version: 0.6.5
Check: installed package size
Result: NOTE
     installed size is 7.8Mb
     sub-directories of 1Mb or more:
     data 5.9Mb
     libs 1.2Mb
Flavors: r-devel-linux-x86_64-fedora-clang, r-devel-windows-ix86+x86_64, r-patched-solaris-x86, r-release-osx-x86_64, r-release-windows-ix86+x86_64, r-oldrel-osx-x86_64, r-oldrel-windows-ix86+x86_64