CRAN Package Check Results for Package highfrequency

Last updated on 2019-10-19 12:47:35 CEST.

Flavor Version Tinstall Tcheck Ttotal Status Flags
r-devel-linux-x86_64-debian-clang 0.6.1 57.17 190.18 247.35 OK
r-devel-linux-x86_64-debian-gcc 0.6.1 39.95 137.27 177.22 OK
r-devel-linux-x86_64-fedora-clang 0.6.1 290.96 NOTE
r-devel-linux-x86_64-fedora-gcc 0.6.1 269.76 OK
r-devel-windows-ix86+x86_64 0.6.1 89.00 280.00 369.00 NOTE
r-patched-linux-x86_64 0.6.1 46.79 164.65 211.44 OK
r-patched-solaris-x86 0.6.1 378.50 NOTE
r-release-linux-x86_64 0.6.1 45.32 166.34 211.66 OK
r-release-windows-ix86+x86_64 0.6.1 82.00 315.00 397.00 NOTE
r-release-osx-x86_64 0.6.1 NOTE
r-oldrel-windows-ix86+x86_64 0.6.1 68.00 284.00 352.00 NOTE
r-oldrel-osx-x86_64 0.6.1 NOTE

Check Details

Version: 0.6.1
Check: installed package size
Result: NOTE
     installed size is 7.1Mb
     sub-directories of 1Mb or more:
     data 5.5Mb
Flavors: r-devel-linux-x86_64-fedora-clang, r-devel-windows-ix86+x86_64, r-patched-solaris-x86, r-release-windows-ix86+x86_64, r-release-osx-x86_64, r-oldrel-windows-ix86+x86_64, r-oldrel-osx-x86_64