CRAN Package Check Results for Package highriskzone

Last updated on 2025-01-19 05:49:10 CET.

Flavor Version Tinstall Tcheck Ttotal Status Flags
r-devel-linux-x86_64-debian-clang 1.4.9 10.33 112.68 123.01 OK
r-devel-linux-x86_64-debian-gcc 1.4.9 7.19 82.99 90.18 OK
r-devel-linux-x86_64-fedora-clang 1.4.9 205.24 OK
r-devel-linux-x86_64-fedora-gcc 1.4.9 198.28 OK
r-devel-windows-x86_64 1.4.9 14.00 120.00 134.00 OK
r-patched-linux-x86_64 1.4.9 11.30 102.48 113.78 NOTE
r-release-linux-x86_64 1.4.9 12.05 103.03 115.08 NOTE
r-release-macos-arm64 1.4.9 52.00 NOTE
r-release-macos-x86_64 1.4.9 79.00 NOTE
r-release-windows-x86_64 1.4.9 13.00 181.00 194.00 OK
r-oldrel-macos-arm64 1.4.9 59.00 NOTE
r-oldrel-macos-x86_64 1.4.9 108.00 NOTE
r-oldrel-windows-x86_64 1.4.9 13.00 134.00 147.00 NOTE

Check Details

Version: 1.4.9
Check: package dependencies
Result: NOTE Package suggested but not available for checking: ‘INLA’ Flavors: r-patched-linux-x86_64, r-release-linux-x86_64, r-release-macos-arm64, r-release-macos-x86_64, r-oldrel-macos-arm64, r-oldrel-macos-x86_64, r-oldrel-windows-x86_64