CRAN Package Check Results for Package hilbert

Last updated on 2025-01-19 05:49:10 CET.

Flavor Version Tinstall Tcheck Ttotal Status Flags
r-devel-linux-x86_64-debian-clang 0.2.1 9.24 27.78 37.02 NOTE
r-devel-linux-x86_64-debian-gcc 0.2.1 7.82 20.72 28.54 NOTE
r-devel-linux-x86_64-fedora-clang 0.2.1 69.15 NOTE
r-devel-linux-x86_64-fedora-gcc 0.2.1 76.08 NOTE
r-devel-windows-x86_64 0.2.1 14.00 54.00 68.00 NOTE
r-patched-linux-x86_64 0.2.1 10.37 25.21 35.58 NOTE
r-release-linux-x86_64 0.2.1 11.46 25.26 36.72 NOTE
r-release-macos-arm64 0.2.1 24.00 NOTE
r-release-macos-x86_64 0.2.1 37.00 NOTE
r-release-windows-x86_64 0.2.1 13.00 54.00 67.00 NOTE
r-oldrel-macos-arm64 0.2.1 29.00 NOTE
r-oldrel-macos-x86_64 0.2.1 42.00 NOTE
r-oldrel-windows-x86_64 0.2.1 15.00 57.00 72.00 NOTE

Additional issues

rchk

Check Details

Version: 0.2.1
Check: C++ specification
Result: NOTE Specified C++11: please drop specification unless essential Flavors: r-devel-linux-x86_64-debian-clang, r-devel-linux-x86_64-debian-gcc, r-devel-linux-x86_64-fedora-clang, r-devel-linux-x86_64-fedora-gcc, r-devel-windows-x86_64, r-patched-linux-x86_64, r-release-linux-x86_64, r-release-macos-arm64, r-release-macos-x86_64, r-release-windows-x86_64, r-oldrel-macos-arm64, r-oldrel-macos-x86_64, r-oldrel-windows-x86_64