Last updated on 2025-01-19 05:49:10 CET.
Flavor | Version | Tinstall | Tcheck | Ttotal | Status | Flags |
---|---|---|---|---|---|---|
r-devel-linux-x86_64-debian-clang | 0.2.0 | 3.80 | 32.57 | 36.37 | OK | |
r-devel-linux-x86_64-debian-gcc | 0.2.0 | 2.83 | 22.61 | 25.44 | OK | |
r-devel-linux-x86_64-fedora-clang | 0.2.0 | 56.10 | OK | |||
r-devel-linux-x86_64-fedora-gcc | 0.2.0 | 52.43 | OK | |||
r-devel-windows-x86_64 | 0.2.0 | 5.00 | 50.00 | 55.00 | OK | |
r-patched-linux-x86_64 | 0.2.0 | 3.84 | 29.72 | 33.56 | NOTE | |
r-release-linux-x86_64 | 0.2.0 | 3.81 | 30.02 | 33.83 | NOTE | |
r-release-macos-arm64 | 0.2.0 | 20.00 | NOTE | |||
r-release-macos-x86_64 | 0.2.0 | 31.00 | NOTE | |||
r-release-windows-x86_64 | 0.2.0 | 6.00 | 50.00 | 56.00 | NOTE | |
r-oldrel-macos-arm64 | 0.2.0 | 21.00 | NOTE | |||
r-oldrel-macos-x86_64 | 0.2.0 | 39.00 | NOTE | |||
r-oldrel-windows-x86_64 | 0.2.0 | 6.00 | 56.00 | 62.00 | NOTE |
Version: 0.2.0
Check: LazyData
Result: NOTE
'LazyData' is specified without a 'data' directory
Flavors: r-patched-linux-x86_64, r-release-linux-x86_64, r-release-macos-arm64, r-release-macos-x86_64, r-release-windows-x86_64, r-oldrel-macos-arm64, r-oldrel-macos-x86_64, r-oldrel-windows-x86_64